 2 = -2*r + 13. Let d = p + u. What is the units digit of d?
4
Let g = -197 + 595. What is the hundreds digit of g?
3
Let n(a) = 8*a - 56. What is the units digit of n(10)?
4
Let b = 39 + 3. What is the hundreds digit of (-4)/14 - (-7740)/b?
1
What is the tens digit of 144 + -1 - (-7 - (5 + -7))?
4
Suppose -2*j + f - 37 = 0, -4*j + 5*f - 82 + 11 = 0. Let y = j - -22. Suppose -g + 4*m + 63 = 0, -y*g - 3*m = g - 214. What is the tens digit of g?
5
Suppose 0 = -3*t + 4*h - 8*h + 639, 4*t - 852 = -2*h. What is the units digit of t?
3
Suppose 20 = -c + 2*m, -3*c + 0*m - 60 = -m. Suppose a + 38 = -64. What is the units digit of 8/c - a/5?
0
Let b be 1 - (-78)/(6/3). Suppose -5*l + 2*d + 156 + 461 = 0, -3*d = 5*l - 612. Suppose -l = -4*q + 3*u, 2*q - b = 5*u + 11. What is the units digit of q?
3
Let s(z) = -161 + 154 + 10*z - 9*z. Suppose 4*k + 4*x - 36 = -0*k, -3*k = -5*x - 27. What is the units digit of s(k)?
2
Let t = 39 + -35. Suppose 2*x = -t*x + 222. What is the tens digit of x?
3
Suppose 64 = -5*p - 3*x, 0 = -4*p + p + x - 30. Let z = 7 + p. Let o(d) = -d**2 - 5*d. What is the units digit of o(z)?
4
Let u = 4997 + -2827. What is the hundreds digit of u?
1
What is the hundreds digit of (424/(-5))/(200/(-500))?
2
What is the tens digit of 5117 + 11 - 1/(4/8)?
2
Suppose 0 = -5*s + 469 + 491. Suppose s = 5*q - 188. Let t = -54 + q. What is the tens digit of t?
2
Suppose 0*n - 4*n = -12. Suppose -2*t = 2*a - 2, 2 = n*a - 4*t - 36. Suppose -a*y = -y - 75. What is the tens digit of y?
1
Suppose 0 = -3*j - 97 + 97. Suppose j = -5*l + 2*w + 408, 3 + 1 = -w. What is the units digit of l?
0
Suppose -476*m = -469*m - 6860. What is the hundreds digit of m?
9
Suppose 265 + 20 = 3*o. Suppose -26 = 3*p - o. What is the units digit of p?
3
Suppose -7054 = -53*x + 24163. What is the hundreds digit of x?
5
Let a = 1250 - 793. What is the tens digit of a?
5
Let p be -5*112/4*(1 + 0). Let n = p - -158. What is the units digit of n?
8
Suppose v = 2*p - 44, -p - 2*v + 0*v + 22 = 0. What is the units digit of p/((-4)/12*-3)?
2
Suppose -n + 5*d - 10 = 0, 2*d - 8 = -2*d. Suppose -5*s + 135 = x + 4*x, -s - 5 = n. What is the units digit of x?
2
Suppose -4*i = v - 4 - 42, 0 = -i + v + 14. What is the tens digit of i?
1
Let p(n) = 45*n + 597. What is the units digit of p(24)?
7
Let g = -28 + 33. Suppose 0 = g*s + l + 561, 0*l - 453 = 4*s + 5*l. Let c = 166 + s. What is the tens digit of c?
5
Let p be -1*(0 - (8 + -4)). Suppose 2*l = p*l - 174. Suppose 0*k = 3*k - l. What is the tens digit of k?
2
Suppose -2*w = -0*w. Suppose w = 10*j - 12*j + 172. What is the tens digit of j?
8
Let c(k) = k**3 + k**2 + k + 52. Let l be 16/(-28) + (-24)/7. Let d be ((0/(-3))/l)/(-1). What is the tens digit of c(d)?
5
Suppose 5 = -5*s + 10*s. Let u = -1 - -2. What is the tens digit of 24 + (u - s) + 3?
2
Let c = 292 + -294. Let a = 31 - 47. What is the units digit of (3/c)/(4/a)?
6
Let d = 349 - -238. What is the units digit of d?
7
Suppose -u = 3*o - 0*u - 137, 3*o - 4*u = 127. What is the units digit of 210/o*(0 + 9)?
2
Let p(l) = l - 3. Let h be p(7). Suppose 2*a - 11 = -3*a + v, -h*a - 4*v = -4. Suppose -2*j - a*f + 12 = 0, -5*j + 14 + 14 = 3*f. What is the units digit of j?
5
Let z(c) = c**2 + 4*c + 3. Let l be z(-3). Suppose l*j + 30 = 5*g - j, 3*g = -3*j. Suppose -3*k = -g*q + k + 55, -5*k = -q - 10. What is the tens digit of q?
1
Let b(c) = 51*c**2 - 38*c - 219. What is the hundreds digit of b(-5)?
2
Suppose 825 = 8*d - 6*d - s, -1234 = -3*d - 2*s. What is the hundreds digit of d?
4
Suppose -2*u - 2*u + 2*h = -20, -3*h + 18 = 2*u. Let b(f) = 2*f**2 - 3*f - 12. Let k be b(u). Let g = k - -6. What is the units digit of g?
8
Let x = -18 + 18. Suppose x = u - 3*u. Suppose u = l - 3*j - 0*j - 40, -2*j = 4. What is the units digit of l?
4
What is the units digit of 21346/20 + (-33)/110?
7
Suppose -i - 3*i - 4 = 4*g, -5*i + 4*g - 5 = 0. Let t be (1*(-1 + -1))/i. Suppose 0 = 3*j - 29 + t. What is the units digit of j?
9
Let k = 1250 + 12. What is the tens digit of k?
6
Let x(l) = l**3 + l**2 + l - 21. Let q be x(0). Let y be (-1190)/q - 2/(-6). Suppose 2*t - 5*g - y = 0, -t + 62 = t - 4*g. What is the units digit of t?
1
Let c(h) = -h**2 + 7*h - 4. Let k be c(6). Suppose -k*f + 121 = -3*m, m + 3*f + 29 = -2*f. Let x = m - -55. What is the tens digit of x?
1
Suppose -4*p + 3 = -4*k - 37, 3*p = 2*k + 17. Let q = 24 + k. Suppose 0 = 14*z - q*z - 138. What is the units digit of z?
6
Let k = 72 - 49. Let m = k + -17. Suppose -j - 140 = -m*j. What is the units digit of j?
8
Let f(q) = -q + 194. Let n be f(40). Suppose 4*v - 16 = -2*t, -4*t = 4*v + v - 20. Suppose v*k + 18 = n. What is the tens digit of k?
3
Let o(y) = 4 + 8*y - 11*y + 4*y + 39*y. What is the tens digit of o(4)?
6
Let y = 25 - 64. Suppose 3*p = -k - 44, 0 = 2*k - 2*p - 0*p + 128. Let w = y - k. What is the units digit of w?
0
Let y = 18 - 13. Suppose -12 = -4*p, -y*v = -8*p + 3*p - 80. What is the units digit of v?
9
Let s(t) = -17*t - 20. Let j be s(9). What is the units digit of j/(-3) - (-8)/(-12)?
7
Let v be 19/7 - (-6)/21. Suppose 3*s + 1 = -0*s + c, -v*s + 4*c = 4. Suppose -2*k = -3*h - 9, k - h + 4*h = s. What is the units digit of k?
3
Suppose 1328 = i - 2*n + n, -1340 = -i + 5*n. What is the tens digit of i?
2
Suppose 8 = 2*h, -2*w = -3*h + 4*h - 626. What is the hundreds digit of w?
3
Let z = -887 - -1537. What is the hundreds digit of z?
6
Let u = -105 - -151. Suppose -w = 4*m + u - 163, -m = -w - 23. What is the tens digit of m?
2
What is the hundreds digit of (10785/(-10))/(43/(-10) + 4)?
5
Let v(b) = 6*b**2 - b - 2. Let m = 19 - 20. What is the units digit of v(m)?
5
Let l(a) = 239*a + 143. What is the hundreds digit of l(19)?
6
Suppose -67*d = 20*d - 16182. What is the tens digit of d?
8
Suppose t - 3 + 2 = 0. Suppose 10 = -3*p + t, -f - 392 = -4*p. What is the units digit of (-3)/(-4) - f/16?
6
Let r(y) = -2*y + 17. Let o(a) = -2*a - 3. Let d be o(-5). Let s be r(d). Suppose -8 - 16 = -3*n + s*t, 4*n - 5*t - 29 = 0. What is the tens digit of n?
1
Suppose 3*a - 3*w - 169 = w, -5*a + 278 = -3*w. Let q = -11 + a. What is the units digit of q?
4
Let n(r) = 215*r - 458. What is the units digit of n(15)?
7
Let y(z) = -1066*z**3 + z**2 + z + 2. Let x be y(-1). Suppose 11*s = 582 + x. What is the units digit of s?
0
Let y = -12 + 17. Suppose 5*d - 23 = 4*w, 4*w = 5*d - 2*d - 9. What is the tens digit of (d/1)/(y/25)?
3
Let v(k) = 74*k**2 + 7*k - 7. What is the tens digit of v(3)?
8
Suppose -10*o + 0*o = 470. Suppose 0*b = 4*b + 132. Let k = b - o. What is the units digit of k?
4
Suppose 0 = 5*z - 3*h - 0*h - 1442, -568 = -2*z - h. What is the units digit of z/4 - (-2)/(-4)?
1
Let s = -4 - -4. Suppose s*t = -2*t. Let b = t - -3. What is the units digit of b?
3
Let f = -14 + 29. Let h = f + -10. Suppose 3*o = 5*i - 131, -5*o = -h*i + 4 + 121. What is the tens digit of i?
2
Let t(n) = -n**2 + 395. What is the hundreds digit of t(0)?
3
Suppose 2*u + 4*a = 640, -22*u + 18*u + 1244 = -a. What is the tens digit of u?
1
Suppose -5*t + 3*c = 60, -4*t - 50 = -3*c - 2. Let m = t - -16. What is the tens digit of -24*(0 + (-5)/m)?
3
Let g(x) = -x**2 - 9*x + 2. Let u(k) = k**2 + 7*k. Suppose -3*w - 19 = 3*a - 4, 4*a = -3*w - 14. Let s be u(w). What is the units digit of g(s)?
0
Let k = -86 - -131. Let l = k - 43. What is the units digit of l?
2
Let k(t) = -27*t - 64. What is the tens digit of k(-30)?
4
Let f(h) = -h**2 - 16*h + 1. Suppose -2*r - 12 = -2. Let u(b) = -b**2 - 17*b + 1. Let s(l) = r*u(l) + 6*f(l). What is the units digit of s(-10)?
1
Let n = 330 + -325. Let l be (-8)/(-20) - 167/5. Let h = n - l. What is the tens digit of h?
3
Let d = 41 + -32. What is the units digit of (2 - 4/5)/(d/390)?
2
Let y = -548 + 1314. What is the tens digit of y?
6
Suppose -5*c = 5*f - 205, -6*f + 3*f + 3*c + 141 = 0. What is the tens digit of f?
4
Let p(g) = 115*g**2 - 19*g - 1. What is the tens digit of p(-5)?
6
Suppose -3*w = -w - 928. Suppose 0 = 3*c - 4*b - w, -4*c + c = -b - 449. What is the tens digit of c?
4
Let h(k) = -88*k**2 - 1. Let z be h(-1). Let t = 151 + z. Let m = t + -27. What is the tens digit of m?
3
Let z(c) = -4*c + 10. Let y be z(-5). Suppose 0 = 4*i - 170 + y. What is the units digit of i?
5
Suppose 4*r + 317 = -c + 4